00*22/(-88))/((-2)/(-6))?
False
Suppose -23*l + 24*l + 1033 = 5*o, 0 = -2*o + 4*l + 424. Is o a multiple of 4?
False
Let c(v) = -v**3 - 4*v**2 - 4*v. Let g be c(-3). Let x(b) be the second derivative of 3*b**5/20 - b**4/3 + b**3/6 - b**2 - 279*b. Is x(g) a multiple of 23?
True
Let n = -310 - -562. Is n a multiple of 6?
True
Let y(j) = -j**3 + 12*j**2 - j + 10. Let w = 0 - -12. Let a be y(w). Let v = 12 - a. Is 14 a factor of v?
True
Let v(r) = r**3 - 20*r**2 - 15*r - 22. Let n be v(21). Let o(j) = j**3 - 6*j**2 - 2*j + 5. Let a be o(6). Is 12 a factor of a*(2 - n/28)?
True
Suppose 0 = 7*h - 327 + 68. Suppose -348 - h = -5*z. Does 11 divide z?
True
Let c(s) = 2*s**2 - 4*s - 3. Let i be c(3). Suppose -2*z + 74 = -i*z. Let l = 125 + z. Does 12 divide l?
False
Suppose 19*a = 2887 + 8399. Does 99 divide a?
True
Let b = 11 + -9. Let x(v) = -10*v - 5 + 1 + b. Is x(-5) a multiple of 16?
True
Let n(o) = -o**2 - o + 1. Let i(h) = -6*h**2 - 7*h. Let d(f) = i(f) - 4*n(f). Let a be d(-2). Let s = 5 - a. Is 8 a factor of s?
False
Suppose 4245 = -10*j + 23445. Does 48 divide j?
True
Suppose 2*v - 3*m - 56 = -9, 0 = 4*m - 12. Let p = v - 13. Does 15 divide p?
True
Suppose 3*g = -2*u + 54, 22 + 14 = 2*g + 5*u. Is 1404/g + -4*(-1)/2 a multiple of 16?
True
Let x = 63 + -59. Suppose 2*f - 7*f + 322 = x*d, -3*f + 208 = -5*d. Is 7 a factor of f?
False
Let d(v) = 128*v**3 + 2*v - 4693 + 4693 - v**2. Does 43 divide d(1)?
True
Does 7 divide 1*(-6)/16 - 21960/(-192)?
False
Let l(h) = h**3 + 10*h**2 + 8*h + 5. Let a be 15*(8/12 - 2). Let m = 11 + a. Is 4 a factor of l(m)?
False
Let t(g) = 9*g**3 - 55*g + 156. Does 7 divide t(3)?
False
Is 4*(2730/(-24))/(-7) a multiple of 13?
True
Is (550/33)/10*11538/10 a multiple of 48?
False
Let l = -267 + -35. Let z = -124 - l. Suppose -5*q + h = 3*h - 296, -3*q - h + z = 0. Is q a multiple of 20?
True
Suppose -4*c = -48 - 168. Is 5 a factor of c?
False
Does 3 divide (-1)/((-65)/30 - -2)?
True
Let f(j) be the first derivative of j**4/4 - 2*j**3 + 3*j**2/2 + 5. Does 4 divide f(6)?
False
Let s(y) be the second derivative of -y**4/12 - 7*y**3/3 + 2*y**2 + 4*y. Let d be (-36)/(-2)*(-26)/39. Does 5 divide s(d)?
False
Suppose 0 = 4*o - o - 8*o. Suppose o = -4*r - f + 148, 2*r - 4*f - 56 = -0*f. Does 18 divide r?
True
Let d be -4*(-3)/(-18)*3. Let f = -2 - d. Suppose f = 4*k - 223 + 27. Does 25 divide k?
False
Suppose -2*l + 410 = -0*l. Suppose 4*h = 3*r - l, -2*r + 2*h + 142 = -2*h. Is 4 a factor of r?
False
Let j(g) = 10*g**2 - 11*g + 48. Is j(7) a multiple of 11?
False
Suppose -4*y = -v - 3*v + 12, 2*y + 2*v - 14 = 0. Suppose -y*c - 46 = -4*c + 5*q, -5*c + 132 = -4*q. Is c a multiple of 7?
True
Let y = 35 - 17. Let d = 24 - y. Does 2 divide d?
True
Let b(x) = x + 4. Let c be b(-4). Let q = 11 + -6. Suppose c = -q*l + l + 24. Does 3 divide l?
True
Let g = 54 + -166. Let p = g - -166. Is p a multiple of 9?
True
Suppose 5*g = -3*y + 1519 + 944, 0 = 2*y + g - 1635. Does 68 divide y?
True
Let a = 34 - 27. Suppose -b + 0*b = -s + a, 4*b = -4*s + 4. Suppose 0 = -2*q - s*g + 62, -3*q + 7*g - 2*g + 148 = 0. Is 14 a factor of q?
False
Suppose 0 = 57*v - 48*v - 16101. Does 16 divide v?
False
Suppose 2*p - 1074 = -14*y + 12*y, -3*p + 4*y = -1646. Is 37 a factor of p?
False
Let d(w) = -w**2 - 94*w - 5. Is d(-4) a multiple of 71?
True
Let k be (-184)/(-6) - (-8)/(-12). Is k*((-24)/20)/(-1) a multiple of 10?
False
Suppose -k = 5*w - 311 - 95, 0 = w - k - 80. Let v = w - -11. Is v a multiple of 23?
True
Let c(k) = -47*k + 29. Does 15 divide c(-8)?
True
Let t = -1107 - -663. Let u be 4/18 - t/(-54). Let m = u + 44. Is m a multiple of 12?
True
Does 18 divide 1*((-223)/(-2))/((-2)/(-4))?
False
Let y(q) = 4*q**2 + 7*q + 9. Let k(r) = 3*r. Let w be k(-2). Is y(w) a multiple of 46?
False
Suppose 2*z - 23 = s + 64, 3*s + 36 = z. Is 5 a factor of z?
True
Let t(g) = 32*g**2 - 13*g - 3. Is 29 a factor of t(-3)?
False
Suppose 3*f + 5*k - 1892 = 0, 0 = -5*f + 4*k + 1643 + 1461. Is f a multiple of 12?
True
Let p = 146 - 88. Is 27 a factor of p?
False
Suppose 5967 - 871 = 49*x. Does 4 divide x?
True
Suppose -y = -v + 30, -32 = -v - 0*y + 2*y. Suppose 0*b = -b + v. Suppose i - 32 = b. Does 30 divide i?
True
Suppose -6*w + 27 = -7*w. Does 24 divide w/12*640/(-15)?
True
Let y be (1 + 1*-2)*27. Let u be (-189)/(-168) - 1/8. Is (-9)/u*63/y a multiple of 10?
False
Suppose 2*b - 2*t = 260, 2*b + 3*t + 136 = 3*b. Suppose -2*j - j + 2*v = -218, 2*j = 5*v + b. Is 23 a factor of j?
False
Let h(t) = 5*t**3 - 2*t + 1. Let z be h(1). Let w be 8 - ((-8)/z - 1). Suppose -2*x = -w - 17. Does 5 divide x?
False
Suppose 4*x - 27 = -5*t, 0 = -5*x - 2*t + 25 - 4. Let u be 1 + 1 - (-6 + x). Suppose 10*v = u*v + 225. Does 13 divide v?
False
Let o = 346 - -21. Does 25 divide o?
False
Let s = 32 - 4. Let u(t) = 7*t - 28. Let o be u(4). Suppose o = 3*b + b - s. Is b a multiple of 4?
False
Let m(n) = -2*n**2 + 4*n + 10. Let k(b) = -3*b**2 + 3*b + 9. Let x(p) = -3*k(p) + 4*m(p). Is x(-7) a multiple of 12?
False
Suppose 100 - 25 = q. Let y be 332/3 - (-2)/(-3). Let b = y - q. Does 11 divide b?
False
Suppose 30*d = 31*d - 252. Is 12 a factor of d?
True
Suppose -3822 = -34*t + 32*t + 3*u, -u = 2*t - 3806. Is t a multiple of 41?
False
Let y = -699 - -1018. Is y a multiple of 9?
False
Let z(b) = -b**3 + 5*b**2 - 2*b. Let a be z(4). Suppose -o = -3*d + 539, d + o = 94 + 79. Is 2/(-8) + d/a a multiple of 22?
True
Let g(c) = 22*c**2 + 6*c - 7. Let a(w) = -w**3 + w**2 + 19*w + 7. Let y be a(5). Is g(y) a multiple of 31?
True
Let y(t) = 24*t + 104. Is 73 a factor of y(11)?
False
Does 33 divide 1 - (-106 + -4) - 3?
False
Let i = -24 - -75. Let z = 115 + i. Is 16 a factor of z?
False
Suppose -5*p + 185 = -35. Let h = p - 14. Is (h/25)/(1/45) a multiple of 11?
False
Suppose 2 = -2*t + 8. Suppose i - c = 16, 0 = c - t*c - 8. Is 4 a factor of i?
True
Let l(w) be the third derivative of -w**5/60 + 50*w**3/3 - 6*w**2. Is 15 a factor of l(0)?
False
Let k = 3030 - 780. Does 18 divide k?
True
Is 7 a factor of (79/(-7))/((-85)/595)?
False
Let v(g) = 124*g**3 + 2*g**2 - 3*g + 2. Let r be v(1). Suppose 0 = 5*f - r + 10. Does 11 divide f?
False
Let f be 4/12*(-24)/(-2). Let g = 8 - f. Is ((-2)/g)/((-8)/256) a multiple of 8?
True
Let r(l) = l**2 + 3*l + 2. Let d be r(-3). Suppose d*c = -2*c + 40. Does 5 divide c?
True
Let j(y) = y**3 + y**2 + 26*y + 3. Let c be j(0). Let w be 1/2*13*2. Suppose l = q + 2, w = -c*q - q + 5*l. Is 2 a factor of q?
False
Is (-504)/(-4)*(4 + (-14)/6) a multiple of 21?
True
Suppose 2*d - 34 = -3*n, 7*d - 10 = 5*d. Suppose -192 = -n*l - 4*l. Does 8 divide l?
True
Suppose -2*r + 16 - 2 = -3*c, 0 = c - 2*r + 6. Does 7 divide (-349)/c - (171/(-36) - -5)?
False
Let s be (3/2)/(2/4). Let k be (-5)/(-15) - (-2)/3. Suppose -k + 61 = s*l. Is l a multiple of 8?
False
Suppose 231 = 3*x - 81. Let r be (-605)/(-220) + 1/4. Suppose x = 2*l - 3*v, -2*l + r*v = 5*v - 94. Is l a multiple of 16?
False
Let i(x) = x**3 - 20*x**2 + 43*x + 8. Is i(18) a multiple of 2?
True
Let t(a) be the first derivative of a**3 - 15*a**2/2 - 18*a - 5. Is t(10) a multiple of 22?
True
Let z(o) = o**3 - 6*o + 144. Let w(u) = -u. Let r be w(0). Is 9 a factor of z(r)?
True
Let r be 1 - ((-2)/1 + -1). Suppose 0 + 16 = r*t. Suppose o - 35 = 3*v, t*o - 120 = v + v. Is o a multiple of 13?
False
Suppose -49*v + t + 16960 = -44*v, -5*v + 16990 = 5*t. Does 87 divide v?
True
Suppose n - 300 - 303 = 5*r, 3115 = 5*n - 5*r. Is 5 a factor of n?
False
Let q(m) = -m**2 - 2*m + 7. Let t be q(-3). Suppose 2*w + 3*o - 143 = 0, 0*o - 5*o - 319 = -t*w. Is w a multiple of 19?
True
Let z be -186*(-1 - 1/(-2)). Let c = z + -33. Is c a multiple of 13?
False
Suppose -48*u + 45*u = -129. Is 5 a factor of u?
False
Suppose 4*x = 6*x + 3*f + 40, x - f + 25 = 0. Let n = -18 - x. Suppose o + 4*l - 5 = 2*o, l - n = 0. Does 9 divide o?
False
Let w(v) = v**3 + 18*v**2 - 22*v + 3. Is w(-19) a multiple of 5?
True
Let q be 2/(-2) - (-6 + 3). Let v(s) = 5 + 27*s + 6*s - 4. Is 17 a factor of v(q)?
False
Suppose 5*c = 2*s + 408, 5*c - 4*s = 198 + 218. Is c/4*(-44)/(-10) a multiple of 33?
False
Let w be (95/57)/(2*2/12). Suppose 4*q - 5*b = 333, 0*b + w*b = -3*q + 206. Does 14 divide q?
False
Let f(o) = -o**3 - 3*o**2 + 4. Let r be f(-2). Suppose r*c + 3*c = 0. Suppose